 by 190.
130
What is the remainder when 338983 is divided by 338930?
53
What is the remainder when 70407451 is divided by 313?
292
Calculate the remainder when 172969 is divided by 57646.
31
What is the remainder when 17315 is divided by 1061?
339
What is the remainder when 8336114 is divided by 24663?
20
Calculate the remainder when 48850 is divided by 2363.
1590
What is the remainder when 22304254 is divided by 252?
238
What is the remainder when 729468 is divided by 182269?
392
Calculate the remainder when 90038 is divided by 971.
706
What is the remainder when 6937575 is divided by 347?
4
What is the remainder when 2887441 is divided by 481?
479
Calculate the remainder when 60211 is divided by 7516.
83
What is the remainder when 1351719 is divided by 4690?
999
Calculate the remainder when 4222353 is divided by 3444.
9
What is the remainder when 127418 is divided by 127335?
83
What is the remainder when 395253990 is divided by 232?
230
What is the remainder when 25342 is divided by 12436?
470
Calculate the remainder when 17270743 is divided by 45.
13
What is the remainder when 6073 is divided by 647?
250
What is the remainder when 427075 is divided by 3011?
2524
What is the remainder when 3475120 is divided by 9653?
40
Calculate the remainder when 75701785 is divided by 27.
22
Calculate the remainder when 25685007 is divided by 12842502.
3
What is the remainder when 826080 is divided by 51592?
608
What is the remainder when 12919454 is divided by 1156?
1154
Calculate the remainder when 3717179 is divided by 3.
2
Calculate the remainder when 42396190 is divided by 9.
7
What is the remainder when 29848146 is divided by 19624?
42
What is the remainder when 631675 is divided by 210528?
91
Calculate the remainder when 45170 is divided by 14922.
404
What is the remainder when 56896947 is divided by 5164?
5159
What is the remainder when 681855 is divided by 227280?
15
Calculate the remainder when 781370 is divided by 153.
152
What is the remainder when 386427 is divided by 2147?
2114
Calculate the remainder when 11545 is divided by 108.
97
Calculate the remainder when 209663 is divided by 2912.
2911
What is the remainder when 4273996 is divided by 936?
220
Calculate the remainder when 35725 is divided by 1367.
183
Calculate the remainder when 286438 is divided by 6100.
5838
What is the remainder when 81282 is divided by 2461?
69
What is the remainder when 198786 is divided by 77?
49
What is the remainder when 102354272 is divided by 25?
22
Calculate the remainder when 1668581 is divided by 185395.
26
Calculate the remainder when 1285647 is divided by 30.
27
What is the remainder when 1482051 is divided by 97?
85
What is the remainder when 27983 is divided by 202?
107
Calculate the remainder when 15022 is divided by 1282.
920
Calculate the remainder when 386182318 is divided by 10249.
10247
What is the remainder when 5260953 is divided by 125?
78
Calculate the remainder when 232138 is divided by 1827.
109
Calculate the remainder when 17476366 is divided by 232.
38
What is the remainder when 15964 is divided by 9?
7
Calculate the remainder when 5983707 is divided by 864.
507
What is the remainder when 30463211 is divided by 19807?
45
What is the remainder when 8721 is divided by 3887?
947
Calculate the remainder when 8494066 is divided by 790.
776
Calculate the remainder when 82117633 is divided by 967.
960
What is the remainder when 2382573 is divided by 200?
173
What is the remainder when 11723 is divided by 204?
95
What is the remainder when 26641 is divided by 24797?
1844
Calculate the remainder when 144596 is divided by 12028.
260
Calculate the remainder when 113109 is divided by 278.
241
What is the remainder when 8968679 is divided by 8968648?
31
What is the remainder when 14211 is divided by 11138?
3073
What is the remainder when 1695353 is divided by 65?
23
Calculate the remainder when 1246251 is divided by 155775.
51
Calculate the remainder when 4537423 is divided by 122632.
39
Calculate the remainder when 3467 is divided by 70.
37
Calculate the remainder when 2748260 is divided by 3684.
3680
What is the remainder when 10503158 is divided by 171?
167
Calculate the remainder when 703288 is divided by 1453.
36
Calculate the remainder when 162269 is divided by 54064.
77
Calculate the remainder when 69364 is divided by 194.
106
Calculate the remainder when 20178042 is divided by 12.
6
Calculate the remainder when 258177 is divided by 174.
135
Calculate the remainder when 3583700 is divided by 293.
17
Calculate the remainder when 121728 is divided by 20244.
264
What is the remainder when 267177 is divided by 397?
393
Calculate the remainder when 33791 is divided by 411.
89
Calculate the remainder when 8498 is divided by 5981.
2517
What is the remainder when 349626 is divided by 1183?
641
What is the remainder when 441876 is divided by 63123?
15
Calculate the remainder when 1196421 is divided by 326.
1
Calculate the remainder when 687246 is divided by 2046.
1836
What is the remainder when 45757 is divided by 15133?
358
Calculate the remainder when 82542 is divided by 6877.
18
Calculate the remainder when 130093 is divided by 774.
61
What is the remainder when 5446817 is divided by 690?
647
What is the remainder when 1561149 is divided by 57?
33
Calculate the remainder when 10940 is divided by 3563.
251
Calculate the remainder when 858037 is divided by 116.
101
What is the remainder when 46947 is divided by 11622?
459
Calculate the remainder when 17169687 is divided by 121.
29
Calculate the remainder when 126434 is divided by 6302.
394
Calculate the remainder when 25820007 is divided by 307381.
3
Calculate the remainder when 9295 is divided by 7909.
1386
Calculate the remainder when 1468 is divided by 976.
492
What is the remainder when 76924677 is divided by 5486?
5471
What is the remainder when 2404448 is divided by 51?
2
What is the remainder when 1720229 is divided by 2721?
557
Calculate the remainder when 5360424 is divided by 258.
216
Calculate the remainder when 4215788 is divided by 351315.
8
Calculate the remainder when 15970555 is divided by 515179.
6
Calculate the remainder when 3734632 is divided by 61.
29
Calculate the remainder when 21376 is divided by 9579.
2218
What is the remainder when 2196371 is divided by 1777?
1776
What is the remainder when 1432104 is divided by 477190?
534
Calculate the remainder when 321363 is divided by 62486.
8933
Calculate the remainder when 2595119 is divided by 288340.
59
What is the remainder when 2902301 is divided by 45348?
29
What is the remainder when 1638671 is divided by 58?
55
What is the remainder when 10564675 is divided by 3521502?
169
Calculate the remainder when 150728 is divided by 18696.
1160
What is the remainder when 51460 is divided by 25719?
22
What is the remainder when 304875 is divided by 719?
19
What is the remainder when 3985331 is divided by 126?
77
What is the remainder when 18520713 is divided by 48231?
9
Calculate the remainder when 343281 is divided by 4458.
15
What is the remainder when 33345 is divided by 2034?
801
Calculate the remainder when 2049061 is divided by 819.
742
What is the remainder when 8155504 is divided by 21748?
4
What is the remainder when 1130213 is divided by 376734?
11
What is the remainder when 510076 is divided by 1207?
722
Calculate the remainder when 648182 is divided by 25856.
1782
Calculate the remainder when 23951224 is divided by 73.
70
Calculate the remainder when 49783 is divided by 1213.
50
What is the remainder when 333230 is divided by 624?
14
Calculate the remainder when 9643218 is divided by 8.
2
Calculate the remainder when 937637 is divided by 1142.
55
What is the remainder when 3387756 is divided by 580?
556
What is the remainder when 648153 is divided by 215986?
195
What is the remainder when 6325102 is divided by 3162272?
558
What is the remainder when 1513645 is divided by 43184?
2205
What is the remainder when 47256390 is divided by 1147?
1137
What is the remainder when 29766263 is divided by 67041?
59
Calculate the remainder when 43344147 is divided by 653.
619
Calculate the remainder when 32279196 is divided by 1303.
1280
Calculate the remainder when 760960 is divided by 57.
10
What is the remainder when 169527 is divided